ose 259 = 27*r - 25*r + 3*b, 3*r + 3*b - 390 = 0. Let l = r - d. What is the hundreds digit of l?
1
Let v = -21 - -20. Let m be 3 + 84 + v - 0/4. Suppose m + 7 = p. What is the units digit of p?
3
Suppose -10*b - 167*b = -7192395. What is the thousands digit of b?
0
Suppose -3*d = 3*s - 870, 0*d - 2*s - 580 = -2*d. Let v = -117 + d. Suppose -2*n = -v + 11. What is the units digit of n?
1
Suppose 490 - 406 = 7*n. Suppose 17*c = n*c + 1555. What is the units digit of c?
1
Let a(j) = 3*j**3 + j**2 - 20*j + 30054. What is the units digit of a(0)?
4
Let u(p) be the second derivative of -p**5/20 + p**4/3 - p**3/6 - p**2 + 10*p. Let n be u(2). Suppose -1 + 41 = n*f. What is the units digit of f?
0
Suppose 5*y + 9 = -4*v + 3, 3*v + 3*y = -3. What is the hundreds digit of 16509/24 - v*(-1)/8?
6
Suppose 3*i + 4*v + 618 = 1760, -3*i + 1145 = v. What is the tens digit of i?
8
Suppose -38*z = -5660 - 45450. Let q = z + 55. What is the hundreds digit of q?
4
Let a(u) = -11569*u + 31. What is the units digit of a(-1)?
0
Suppose 3199307 = 81*i + 1119875. What is the hundreds digit of i?
6
Let i = 4322 - 77. What is the thousands digit of i?
4
Let g(z) = 2*z - 3. Let t be g(-3). Let y(b) be the first derivative of -5*b**2/2 - 8*b + 244. What is the units digit of y(t)?
7
What is the thousands digit of ((-18)/(-6) - (-4 + 6))/((-4)/(-56536))?
4
Let m(z) = -24*z**2 + z**3 - 4 + 4*z**2 + 6*z**2 + 5*z. What is the units digit of m(16)?
8
Suppose -287*w + 769646 = 120*w - 4041094. What is the hundreds digit of w?
8
Let j(r) = 1800*r**2 - 76*r + 160. What is the units digit of j(2)?
8
Suppose -4 = -4*o + 16. Let f be (-168)/(-20) + (-2)/o. Suppose -l - 32 = -5*l + 3*s, -l + f = 3*s. What is the units digit of l?
8
Let o(l) = 8*l + 6. Let b be o(2). Suppose b*m = 21*m - 8. What is the tens digit of -99*4/m*2?
9
What is the units digit of (-10)/10 - (5442/(-3))/1?
3
What is the tens digit of (-107767)/97*((-8)/(-3))/(4/(-12))?
8
What is the thousands digit of 10772306/4136*16/2 - (-8)/(-44)?
0
What is the thousands digit of (86/(-12) + (-3)/6)/((-2)/1794)?
6
Let j = 10106 + 5139. What is the units digit of j?
5
What is the units digit of 101*(3133/39 + (5/3 - 1))?
1
Suppose -7 = 5*g - 27. What is the tens digit of (-8)/g + 328 + 1?
2
Let p(b) = 62*b. Let i be p(1). Suppose -67*u = -i*u + 15. What is the units digit of -2 - (-44)/((-12)/u)?
9
Suppose 7*f + 3*b = 3*f - 72, 3*f - 4*b + 79 = 0. What is the tens digit of (f - 4)/(-5) - 10 - -802?
9
Let s = 148 + -149. Let c(q) = -272*q**3 - 3*q - 3. What is the units digit of c(s)?
2
Let k be (-225 - 2/(-1))*(-14 - -13). Suppose -m - 65 = 60. Let w = m + k. What is the tens digit of w?
9
Let x(y) = 11 + 10*y - 6*y**2 + 5*y**3 + 4*y**2 - 4*y**3 - 6*y**2. What is the units digit of x(8)?
1
Suppose -180058 = 39*d - 1652152. What is the ten thousands digit of d?
3
Suppose 37*t - 192935 = 97811. What is the units digit of t?
8
Suppose -316 = -12*g - 2212. Let d = g + 274. What is the hundreds digit of d?
1
Let m = 47484 + -26569. What is the units digit of m?
5
Let g be (230/(-4) + -5)*-6. Let a = g - 198. What is the tens digit of a?
7
Let g(f) = 691*f**3 + f**2 - 2*f + 1. Let p be g(1). Suppose -5*x = -3*n + p, 4*n - 644 = x + 283. Suppose 3*v - n = -v. What is the tens digit of v?
5
Suppose 30*d = 29*d + 4. Suppose -d*k + 668 = 2*n - 250, -k = n - 459. What is the hundreds digit of n?
4
Let r be ((-117)/26)/(3/(-2)). Suppose 0 = 3*h - 5*n - 632, r*h + 4*n = -0*h + 623. What is the units digit of h?
9
Let a be (-156)/(-11) + (16/44)/(-2). Suppose 2*p - a = -192. Let h = p - -178. What is the tens digit of h?
8
Let x(u) be the first derivative of -3*u**2/2 - 12*u - 5. Let d be x(-4). Suppose -2*z = 3*z + g - 81, d = -3*g - 12. What is the tens digit of z?
1
Let j(b) = b**3 + 4*b**2 - 3*b - 10. Suppose 4*h - 4 = -20. Let u be j(h). What is the tens digit of (-1)/2 + 345/u?
7
Let y(z) = -z**3 + 10*z**2 - 18*z + 14. Let w be y(7). Suppose 0 = -3*i - l + w, 2 = -l + 1. What is the units digit of ((-20)/i)/((-107)/(-54) + -2)?
0
Suppose 2*d = 4*d - 3*w - 11, 0 = 2*d - 2*w - 10. What is the units digit of 10/15*((-5884)/(-8) + d)?
3
Suppose 10*g - 63714 = -5*g - 22*g. What is the tens digit of g?
2
Suppose 5*v = 31 + 44. What is the units digit of (-8 - 22)*(-130)/v?
0
Let j(f) = 5318*f**2 + 6*f - 1. What is the thousands digit of j(-3)?
7
Suppose 3*o + 5*o + 48 = 0. What is the tens digit of (-7)/(63/o)*84?
5
Suppose -x + 367781 = 61*x + 52635. What is the tens digit of x?
8
What is the ten thousands digit of 24396/2 + -6 + (-11)/(66/(-30))?
1
Let x be (-1)/((-2)/(-4569)) - (-315)/210. What is the hundreds digit of (-5 + 3)*(x/6 - -1)?
7
Let r be ((-40)/(-30))/((-8)/900). Let j = r + 296. What is the tens digit of j?
4
Let j be 21 + -15 + (9 - -115). Let f(k) = -15*k**3 - 2*k**2 - 3*k. Let a be f(-2). Let c = j - a. What is the tens digit of c?
1
Let z(l) = -22*l**3 - l**2 + 6*l - 17. Let h be z(-5). Suppose -262 + h = 16*o. What is the hundreds digit of o?
1
Let b = 659 - -22. Let s = b + -427. Suppose 3*h - s + 11 = 0. What is the tens digit of h?
8
Let g(a) = a**2 - 17*a + 21. Let p = -38 + 53. Let d be g(p). What is the units digit of 8 + 6/d*6?
4
Let n(d) = -d**3 + 4*d**2 + 14*d - 8. Let o be n(6). Suppose o*q = -4*t - 0*t - 192, 64 = -q + 3*t. Let x = 77 - q. What is the hundreds digit of x?
1
Suppose 16*n - 35 = -163, 101916 = 4*r - n. What is the units digit of r?
7
Let d(z) be the third derivative of -7*z**4/12 + 47*z**3/6 - 28*z**2. Let l be d(8). Let j = l - -203. What is the units digit of j?
8
Suppose -1146 + 262000 = -160*k + 182*k. What is the units digit of k?
7
Let k = -30744 + 56591. What is the units digit of k?
7
Let p = -130 - -132. Suppose p*c = 36 + 152. What is the tens digit of c?
9
Suppose 0 = 2*h + 2*o, 4*h + 7*o - 4 = 2*o. What is the units digit of 6272/28 - (0 - h)?
0
Let s = -215 + 217. What is the tens digit of s/(-7) - (-67232)/112?
0
Let p be 18/30 - (-1)/((-5)/(-2)). Suppose 3*s = g + 747, -p + 10 = -3*g. What is the hundreds digit of s?
2
Let w(j) = 306*j + 15. Let r(d) = 919*d + 44. Let i(u) = 2*r(u) - 7*w(u). Let o be i(-8). Suppose m - o = -14*m. What is the tens digit of m?
6
Let l(s) be the first derivative of 14*s**2 - 2/3*s**3 + 18 + 9*s. What is the units digit of l(13)?
5
Let a(j) be the first derivative of -j**3 + 3*j**2/2 - 24*j - 19. Let f(t) be the first derivative of a(t). What is the tens digit of f(-2)?
1
Let n(b) = -25*b**3 + 15*b**2 - 93*b - 745. What is the units digit of n(-10)?
5
Let i(q) = 35*q - 26. Suppose 3 = -n + k + 14, 2*n + k = 19. Suppose -25 = -n*w + 35. What is the tens digit of i(w)?
8
Suppose -77 = -15*w + 673. Suppose w*n = 28*n + 4004. What is the hundreds digit of n?
1
Suppose -s + 9 - 13 = 0, -2*m + 94666 = -5*s. What is the ten thousands digit of m?
4
Suppose 1 = -4*k + l, 0*k - k + 4*l = 4. Let y be 7 + -2 + k/5. What is the tens digit of 58/((-1)/y + (-26)/(-30))?
8
Suppose -9*u + 10*u = -3, -2*v + 34181 = -u. What is the hundreds digit of v?
0
Suppose -5*u = -3*t - 16381 - 16245, -4*u - t = -26094. What is the tens digit of u?
2
Suppose -215 - 37 = 6*q. What is the units digit of q*174/(-9) - 2?
0
Suppose 0 = -2*d - 0 + 4, -3*d = -3*t + 78. Suppose -t = -8*b + 12. What is the units digit of 154/b - ((-33)/15 - -3)?
0
Let b(i) = 5*i**2 - 9*i - 41. Let s(n) = 2*n**2 - 5*n - 20. Let w(o) = 3*b(o) - 7*s(o). Let h be w(-4). What is the units digit of 2 + h - -7 - 2?
8
Suppose -4*l - 1988 = -4*s, -4*l + 1483 = 3*s - 3*l. Let y = s - 34. What is the hundreds digit of y?
4
Suppose 4*d - 600 = 5*s, 6*d = 2*d - 5*s + 600. Let k = d - 84. What is the units digit of k?
6
Let q = 440 - 448. What is the hundreds digit of (-108468)/(-84) - q/(-28)?
2
Let g = -67284 - -98984. What is the ten thousands digit of g?
3
Let b = -29310 + 85797. What is the thousands digit of b?
6
Let z(i) = -3970*i - 4152. What is the ten thousands digit of z(-10)?
3
What is the units digit of (1205424/(-120))/(14/(-35))?
3
Suppose 11*s = 12350 + 42584 + 7425. What is the hundreds digit of s?
6
Let p(z) = -2*z**3 - z**2 - z - 343. Let u(r) = 2*r**3 + r**2 + r + 344. Let d(a) = 2*p(a) + 3*u(a). What is the hundreds digit of d(0)?
3
Let o(t) = -143*t + 3. Let q be o(-1). Suppose -4*i + 4 = 